f 7690644 and 108.
36
Calculate the highest common divisor of 276 and 5973652.
92
What is the highest common factor of 4478844 and 1255?
251
What is the highest common divisor of 3105448 and 256?
8
What is the greatest common factor of 2100 and 166873875?
525
What is the greatest common factor of 15301268 and 206?
206
What is the greatest common factor of 144 and 23615748?
36
What is the greatest common divisor of 5880 and 244756680?
840
What is the highest common factor of 7763 and 555609?
1109
What is the greatest common factor of 30260 and 6101929?
1513
What is the greatest common factor of 266 and 282434362?
14
Calculate the greatest common factor of 12694650 and 6.
6
Calculate the highest common divisor of 1394 and 1530202164.
1394
Calculate the highest common divisor of 73593 and 22893.
39
Calculate the highest common divisor of 4384 and 127273.
137
Calculate the greatest common divisor of 678125 and 123225.
775
What is the highest common divisor of 123120 and 10584?
216
Calculate the highest common divisor of 5232 and 253008.
48
Calculate the highest common divisor of 497774 and 6.
2
Calculate the highest common divisor of 2394076 and 285362.
3706
Calculate the greatest common factor of 207298 and 693.
7
What is the highest common divisor of 1212594 and 546?
6
Calculate the greatest common divisor of 344 and 3678200.
8
Calculate the greatest common factor of 260545302 and 35016.
8754
What is the greatest common factor of 76755584 and 724?
724
Calculate the highest common factor of 1210 and 1013712590.
1210
Calculate the highest common factor of 524 and 16701452.
524
Calculate the highest common divisor of 80801039 and 11.
11
Calculate the highest common divisor of 56 and 20420813.
7
What is the greatest common factor of 11984355 and 6?
3
Calculate the greatest common divisor of 992505 and 18552810.
7815
Calculate the greatest common divisor of 436036134 and 6.
6
Calculate the greatest common factor of 97497 and 354591.
621
Calculate the greatest common divisor of 168 and 10762941.
21
Calculate the greatest common factor of 94416 and 15393.
21
What is the greatest common divisor of 145 and 117838745?
145
What is the greatest common factor of 30106124 and 1268?
1268
Calculate the greatest common factor of 63696207 and 591.
591
Calculate the greatest common factor of 12 and 34233252.
12
What is the highest common factor of 16773963 and 366?
183
Calculate the highest common divisor of 240757619 and 41165.
8233
What is the greatest common divisor of 589659 and 126029?
653
What is the highest common divisor of 932 and 4045346?
466
Calculate the highest common factor of 19199280 and 840.
120
Calculate the greatest common factor of 4811982 and 672.
42
What is the greatest common divisor of 8219500 and 3000?
500
Calculate the highest common factor of 362248 and 504.
8
Calculate the highest common factor of 146776 and 134624.
56
What is the highest common factor of 48150 and 33750?
450
What is the highest common factor of 495635 and 31955?
35
Calculate the highest common divisor of 18 and 186621966.
18
What is the greatest common divisor of 52266437 and 71?
71
What is the highest common divisor of 110 and 92169605?
55
What is the highest common divisor of 39 and 51576720?
39
Calculate the highest common factor of 713548 and 968.
44
Calculate the greatest common factor of 7780 and 1345310.
10
What is the highest common divisor of 14912 and 1852?
4
What is the highest common divisor of 1755 and 87259275?
135
What is the greatest common divisor of 51958 and 11505254?
626
Calculate the highest common factor of 133383800 and 20.
20
What is the highest common divisor of 442 and 12813320?
26
What is the greatest common factor of 21344469 and 86?
43
Calculate the greatest common factor of 300 and 17883300.
300
What is the greatest common factor of 2067481 and 886?
443
Calculate the highest common divisor of 12483474 and 561.
51
Calculate the greatest common divisor of 240 and 55209260.
20
What is the greatest common divisor of 174815 and 9285?
5
Calculate the highest common divisor of 2205 and 8043.
21
What is the greatest common factor of 912 and 95536?
16
Calculate the highest common divisor of 51188 and 122240.
764
What is the highest common factor of 805 and 3845345?
35
What is the highest common factor of 15451513 and 5929?
539
What is the highest common divisor of 5653374 and 5892?
2946
What is the highest common factor of 12291 and 4251963?
723
Calculate the greatest common divisor of 26418 and 71243907.
777
Calculate the highest common factor of 109732 and 845040.
28
What is the greatest common divisor of 37 and 2692416?
37
What is the highest common factor of 16425 and 263250?
225
Calculate the greatest common factor of 58922742 and 12.
6
What is the greatest common factor of 3084166278 and 3174?
3174
What is the greatest common factor of 29508118 and 302?
302
What is the highest common divisor of 245 and 109711?
49
Calculate the highest common divisor of 2451 and 3071232.
129
Calculate the highest common factor of 28576457 and 2373.
791
Calculate the highest common divisor of 72956270 and 3820.
1910
What is the greatest common factor of 1357 and 179768?
23
What is the greatest common divisor of 126 and 68403370?
14
What is the highest common factor of 143060 and 13777?
23
Calculate the highest common factor of 446 and 312.
2
Calculate the greatest common divisor of 313677 and 43589.
91
What is the highest common divisor of 1224 and 4581240?
24
Calculate the highest common divisor of 7667 and 2217157.
697
Calculate the highest common factor of 44622 and 665109.
603
What is the greatest common divisor of 846 and 36460344?
282
Calculate the highest common divisor of 149369506 and 2626.
2626
What is the greatest common divisor of 187859 and 52969?
329
Calculate the highest common factor of 1789955 and 936305.
1355
What is the highest common factor of 90706 and 422180?
418
Calculate the highest common divisor of 14 and 109183858.
14
What is the highest common divisor of 2039242 and 3677426?
2122
What is the highest common divisor of 1311 and 2926152?
1311
What is the highest common factor of 480 and 108472?
8
What is the greatest common divisor of 95225 and 751252?
293
Calculate the greatest common factor of 10121 and 2469873.
349
What is the greatest common divisor of 133470 and 6876?
18
What is the greatest common divisor of 70094 and 467062?
694
What is the highest common factor of 1332 and 319940406?
666
What is the highest common factor of 272 and 61260656?
272
What is the greatest common factor of 322278475 and 475?
475
Calculate the highest common factor of 42 and 2488282.
2
What is the highest common factor of 9607 and 2732083?
739
What is the greatest common divisor of 116982 and 576?
18
What is the greatest common factor of 37034370 and 46?
46
What is the greatest common divisor of 73505 and 927850?
1205
What is the greatest common divisor of 93873276 and 756?
756
Calculate the greatest common factor of 34705225 and 475.
25
What is the greatest common factor of 9026428 and 135292?
908
Calculate the greatest common factor of 16583 and 4235772.
2369
What is the greatest common divisor of 67335 and 1060?
5
Calculate the highest common divisor of 71 and 114048223.
71
Calculate the highest common divisor of 39 and 10047756.
3
What is the highest common divisor of 134343720 and 4193?
4193
Calculate the greatest common divisor of 27437 and 306.
1
What is the highest common factor of 364 and 4168008?
52
Calculate the greatest common divisor of 3291 and 1202312.
1097
Calculate the highest common divisor of 2409811340 and 295.
295
What is the greatest common factor of 383506 and 11458?
674
What is the greatest common factor of 10132 and 29204?
596
What is the greatest common factor of 237337730 and 10?
10
What is the greatest common divisor of 7948100 and 8400?
100
What is the highest common divisor of 8 and 5435272?
8
What is the greatest common divisor of 172602 and 2141013?
129
What is the highest common divisor of 1112 and 2666219604?
556
What is the greatest common factor of 66311 and 10871?
7
Calculate the greatest common divisor of 1394437 and 16786.
1199
Calculate the greatest common factor of 13326103 and 105.
7
Calculate the greatest 